{"id":75,"date":"2010-04-30T16:45:54","date_gmt":"2010-04-30T15:45:54","guid":{"rendered":"http:\/\/www.bvvizela.pt\/site\/?page_id=75"},"modified":"2017-11-28T16:59:19","modified_gmt":"2017-11-28T16:59:19","slug":"seja-mais-rapido-que-um-avc","status":"publish","type":"page","link":"https:\/\/www.bvvizela.pt\/site\/informacoes\/seja-mais-rapido-que-um-avc\/","title":{"rendered":"Seja mais r\u00e1pido que um AVC"},"content":{"rendered":"<p>O Acidente Vascular Cerebral, mas&nbsp;conhecido por AVC, \u00e9 frequentemente a&nbsp;morte de uma parte do c\u00e9rebro, causada pelo entupimento de uma art\u00e9ria.<\/p>\n<p>Os doentes com sinas de AVC devem ser transportados para um hospital com unidade especializada no tratamento desta doen\u00e7a. A interven\u00e7\u00e3o m\u00e9dica especializada \u00e9 vital para o sucesso do tratamento e posterior recupera\u00e7\u00e3o.<\/p>\n<p><strong>Sinas a ter em conta:<\/strong><\/p>\n<ul>\n<li>Falta de for\u00e7a num bra\u00e7o<\/li>\n<li>Boca ao lado<\/li>\n<li>Dificuldade em sorrir<\/li>\n<\/ul>\n<p style=\"text-align: center;\"><span style=\"color: #ff0000;\">Na presen\u00e7a destes sinais, ligue 112!<\/span><\/p>\n<p style=\"text-align: center;\"><span style=\"color: #ff0000;\">Todo o tempo \u00e9 precioso!<\/span><\/p>\n","protected":false},"excerpt":{"rendered":"<p>O Acidente Vascular Cerebral, mas&nbsp;conhecido por AVC, \u00e9 frequentemente a&nbsp;morte de uma parte do c\u00e9rebro, causada pelo entupimento de uma art\u00e9ria. Os doentes com sinas de AVC devem ser transportados para um hospital com unidade especializada no tratamento desta doen\u00e7a.<\/p>\n","protected":false},"author":6,"featured_media":0,"parent":71,"menu_order":1,"comment_status":"closed","ping_status":"closed","template":"","meta":{"ngg_post_thumbnail":0,"footnotes":""},"class_list":["post-75","page","type-page","status-publish","hentry"],"_links":{"self":[{"href":"https:\/\/www.bvvizela.pt\/site\/wp-json\/wp\/v2\/pages\/75","targetHints":{"allow":["GET"]}}],"collection":[{"href":"https:\/\/www.bvvizela.pt\/site\/wp-json\/wp\/v2\/pages"}],"about":[{"href":"https:\/\/www.bvvizela.pt\/site\/wp-json\/wp\/v2\/types\/page"}],"author":[{"embeddable":true,"href":"https:\/\/www.bvvizela.pt\/site\/wp-json\/wp\/v2\/users\/6"}],"replies":[{"embeddable":true,"href":"https:\/\/www.bvvizela.pt\/site\/wp-json\/wp\/v2\/comments?post=75"}],"version-history":[{"count":9,"href":"https:\/\/www.bvvizela.pt\/site\/wp-json\/wp\/v2\/pages\/75\/revisions"}],"predecessor-version":[{"id":4643,"href":"https:\/\/www.bvvizela.pt\/site\/wp-json\/wp\/v2\/pages\/75\/revisions\/4643"}],"up":[{"embeddable":true,"href":"https:\/\/www.bvvizela.pt\/site\/wp-json\/wp\/v2\/pages\/71"}],"wp:attachment":[{"href":"https:\/\/www.bvvizela.pt\/site\/wp-json\/wp\/v2\/media?parent=75"}],"curies":[{"name":"wp","href":"https:\/\/api.w.org\/{rel}","templated":true}]}}