{"id":5098,"date":"2018-03-22T16:08:06","date_gmt":"2018-03-22T16:08:06","guid":{"rendered":"http:\/\/www.bvvizela.pt\/site\/?page_id=5098"},"modified":"2018-03-22T16:10:56","modified_gmt":"2018-03-22T16:10:56","slug":"links-uteis","status":"publish","type":"page","link":"https:\/\/www.bvvizela.pt\/site\/links-uteis\/","title":{"rendered":"Links Ut\u00e9is"},"content":{"rendered":"<p><a href=\"http:\/\/www.prociv.pt\" target=\"_blank\" rel=\"noopener\">Prote\u00e7\u00e3o Civil<\/a><br \/>\n<a href=\"http:\/\/www.enb.pt\" target=\"_blank\" rel=\"noopener\">Escola Nacional de Bombeiros<\/a><br \/>\n<a href=\"http:\/\/www.lbp.pt\" target=\"_blank\" rel=\"noopener\">Liga dos Bombeiros Portugueses<\/a><br \/>\n<a href=\"http:\/\/www.ipma.pt\" target=\"_blank\" rel=\"noopener\">Instituto Portugu\u00eas do Mar e da Atmosfera<\/a><br \/>\n<a href=\"http:\/\/www.icnf.pt\" target=\"_blank\" rel=\"noopener\">Instituto da Conserva\u00e7\u00e3o da Natureza e das Florestas<\/a><br \/>\n<a href=\"http:\/\/www.cm-vizela.pt\" target=\"_blank\" rel=\"noopener\">C\u00e2mara Municipal de Vizela<\/a><\/p>\n","protected":false},"excerpt":{"rendered":"<p>Prote\u00e7\u00e3o Civil Escola Nacional de Bombeiros Liga dos Bombeiros Portugueses Instituto Portugu\u00eas do Mar e da Atmosfera Instituto da Conserva\u00e7\u00e3o da Natureza e das Florestas C\u00e2mara Municipal de Vizela<\/p>\n","protected":false},"author":6,"featured_media":0,"parent":0,"menu_order":0,"comment_status":"closed","ping_status":"closed","template":"","meta":{"ngg_post_thumbnail":0,"footnotes":""},"class_list":["post-5098","page","type-page","status-publish","hentry"],"_links":{"self":[{"href":"https:\/\/www.bvvizela.pt\/site\/wp-json\/wp\/v2\/pages\/5098","targetHints":{"allow":["GET"]}}],"collection":[{"href":"https:\/\/www.bvvizela.pt\/site\/wp-json\/wp\/v2\/pages"}],"about":[{"href":"https:\/\/www.bvvizela.pt\/site\/wp-json\/wp\/v2\/types\/page"}],"author":[{"embeddable":true,"href":"https:\/\/www.bvvizela.pt\/site\/wp-json\/wp\/v2\/users\/6"}],"replies":[{"embeddable":true,"href":"https:\/\/www.bvvizela.pt\/site\/wp-json\/wp\/v2\/comments?post=5098"}],"version-history":[{"count":3,"href":"https:\/\/www.bvvizela.pt\/site\/wp-json\/wp\/v2\/pages\/5098\/revisions"}],"predecessor-version":[{"id":5101,"href":"https:\/\/www.bvvizela.pt\/site\/wp-json\/wp\/v2\/pages\/5098\/revisions\/5101"}],"wp:attachment":[{"href":"https:\/\/www.bvvizela.pt\/site\/wp-json\/wp\/v2\/media?parent=5098"}],"curies":[{"name":"wp","href":"https:\/\/api.w.org\/{rel}","templated":true}]}}