{"id":29,"date":"2010-04-23T12:06:27","date_gmt":"2010-04-23T11:06:27","guid":{"rendered":"http:\/\/www.bvvizela.pt\/site\/?page_id=29"},"modified":"2017-11-28T16:55:53","modified_gmt":"2017-11-28T16:55:53","slug":"ajude-nos-a-ajudar","status":"publish","type":"page","link":"https:\/\/www.bvvizela.pt\/site\/socios\/ajude-nos-a-ajudar\/","title":{"rendered":"Ajude-nos a ajud\u00e1-lo"},"content":{"rendered":"<p>Todos sabem que ser bombeiro n\u00e3o \u00e9 tarefa f\u00e1cil, mas ser Bombeiro Volunt\u00e1rio \u00e9 tarefa bem mais dif\u00edcil. Ora, a nossa Corpora\u00e7\u00e3o e a nossa Associa\u00e7\u00e3o s\u00e3o servidas quase exclusivamente por volunt\u00e1rios, que sempre tiveram e t\u00eam por lema, <strong><em>fazer o bem sem olhar a quem<\/em><\/strong>.<\/p>\n<p>Ora, dando os Bombeiros permanentemente tanto de si com o seu esfor\u00e7o, o seu tempo, a sua vida pessoal, familiar e social, \u00e9 uma obriga\u00e7\u00e3o pessoal e moral de cada cidad\u00e3o dar tamb\u00e9m um pouco da sua generosidade, associando-se e passando a fazer parte da grande fam\u00edlia que s\u00e3o os Bombeiros Volunt\u00e1rios de Vizela.<\/p>\n<p style=\"text-align: center;\"><strong>Basta 1 \u20ac por m\u00eas para nos ajudar!<\/strong><\/p>\n<p style=\"text-align: center;\"><strong>Ajude-nos a Ajud\u00e1-lo!<\/strong><\/p>\n<p>Fa\u00e7a-se s\u00f3cio da nossa Associa\u00e7\u00e3o, bastando para isso que preencha a proposta on-line anexa. Ser\u00e1 posteriormente contactado para efectuar o pagamento, dentro do plano escolhido.<\/p>\n<p>Se preferir, imprima e fa\u00e7a-nos&nbsp;chega a proposta por correio normal ou entregue pessoalmente nos Bombeiros Volunt\u00e1rios ou&nbsp; lojas aderentes.<\/p>\n<p>Muito obrigado<\/p>\n","protected":false},"excerpt":{"rendered":"<p>Todos sabem que ser bombeiro n\u00e3o \u00e9 tarefa f\u00e1cil, mas ser Bombeiro Volunt\u00e1rio \u00e9 tarefa bem mais dif\u00edcil. Ora, a nossa Corpora\u00e7\u00e3o e a nossa Associa\u00e7\u00e3o s\u00e3o servidas quase exclusivamente por volunt\u00e1rios, que sempre tiveram e t\u00eam por lema, fazer<\/p>\n","protected":false},"author":6,"featured_media":0,"parent":11,"menu_order":0,"comment_status":"closed","ping_status":"closed","template":"","meta":{"ngg_post_thumbnail":0,"footnotes":""},"class_list":["post-29","page","type-page","status-publish","hentry"],"_links":{"self":[{"href":"https:\/\/www.bvvizela.pt\/site\/wp-json\/wp\/v2\/pages\/29","targetHints":{"allow":["GET"]}}],"collection":[{"href":"https:\/\/www.bvvizela.pt\/site\/wp-json\/wp\/v2\/pages"}],"about":[{"href":"https:\/\/www.bvvizela.pt\/site\/wp-json\/wp\/v2\/types\/page"}],"author":[{"embeddable":true,"href":"https:\/\/www.bvvizela.pt\/site\/wp-json\/wp\/v2\/users\/6"}],"replies":[{"embeddable":true,"href":"https:\/\/www.bvvizela.pt\/site\/wp-json\/wp\/v2\/comments?post=29"}],"version-history":[{"count":11,"href":"https:\/\/www.bvvizela.pt\/site\/wp-json\/wp\/v2\/pages\/29\/revisions"}],"predecessor-version":[{"id":4611,"href":"https:\/\/www.bvvizela.pt\/site\/wp-json\/wp\/v2\/pages\/29\/revisions\/4611"}],"up":[{"embeddable":true,"href":"https:\/\/www.bvvizela.pt\/site\/wp-json\/wp\/v2\/pages\/11"}],"wp:attachment":[{"href":"https:\/\/www.bvvizela.pt\/site\/wp-json\/wp\/v2\/media?parent=29"}],"curies":[{"name":"wp","href":"https:\/\/api.w.org\/{rel}","templated":true}]}}