{"id":2198,"date":"2011-10-11T18:07:10","date_gmt":"2011-10-11T17:07:10","guid":{"rendered":"http:\/\/www.bvvizela.pt\/site\/"},"modified":"2017-11-28T16:57:36","modified_gmt":"2017-11-28T16:57:36","slug":"concurso-de-venda-publica-de-viaturas-usadas-2011","status":"publish","type":"page","link":"https:\/\/www.bvvizela.pt\/site\/multimedia\/regulamentos\/concurso-de-venda-publica-de-viaturas-usadas-2011\/","title":{"rendered":"Concurso de Venda P\u00fablica de Viaturas Usadas &#8211; 2011"},"content":{"rendered":"<p style=\"text-align: center;\"><strong><span style=\"text-decoration: underline;\">Regulamento<\/span><\/strong><\/p>\n<p style=\"text-align: center;\"><strong><span style=\"text-decoration: underline;\">Concurso de Venda P\u00fablica de Viaturas Usadas<\/span><\/strong><\/p>\n<p><strong>&nbsp;<\/strong><strong>I- Identifica\u00e7\u00e3o das viaturas e pre\u00e7os m\u00ednimos para venda:<\/strong><\/p>\n<ul>\n<li>\n<div style=\"text-align: justify;\"><strong>&nbsp;<\/strong>Renault Master de 1999 com 193.847 km = 1 000,00 euros<\/div>\n<\/li>\n<li>Ford Galaxy de 2000 com 465.237 km = 2 500,00 euros<\/li>\n<\/ul>\n<p style=\"text-align: justify;\">&nbsp;<strong>II- Requisitos formais e materiais:<\/strong><\/p>\n<p style=\"text-align: justify;\"><strong>&nbsp;<\/strong><strong>1.\u00ba &#8211;<\/strong> As propostas dever\u00e3o ser entregues em carta fechada na secretaria da Associa\u00e7\u00e3o, at\u00e9 \u00e0s <strong>18:00 horas do dia 2 de Novembro de 2011<\/strong>, conter a identifica\u00e7\u00e3o completa do proponente, do contacto telef\u00f3nico e, bem assim, no caso de Bombeiros volunt\u00e1rios, a men\u00e7\u00e3o expressa de tal qualidade, n\u00famero e posto.<\/p>\n<p style=\"text-align: justify;\"><strong>2.\u00ba &#8211;<\/strong> Em cada proposta, para al\u00e9m do antecedentemente referido, dever\u00e1 constar o valor proposto e a identifica\u00e7\u00e3o do ve\u00edculo a que respeita.<\/p>\n<p style=\"text-align: justify;\"><strong>\u00a7 1.\u00ba &#8211;<\/strong> N\u00e3o obstante cada proponente poder concorrer a todas as viaturas em concurso, cada proposta s\u00f3 pode incidir sobre um \u00fanico ve\u00edculo.<\/p>\n<p style=\"text-align: justify;\"><strong>\u00a7 2.\u00ba &#8211; <\/strong>N\u00e3o ser\u00e3o consideradas propostas as que apresentem um valor inferior ao m\u00ednimo supra fixado para cada viatura.<\/p>\n<p style=\"text-align: justify;\"><strong>3.\u00ba &#8211;<\/strong> As viaturas podem ser examinadas pelos candidatos em qualquer dia \u00fatil, no per\u00edodo de<strong> 17 a 31 de Outubro, de segunda a sexta-feira, das 09:00 \u00e0s 18:00 horas<\/strong>.<\/p>\n<p style=\"text-align: justify;\">&nbsp;<strong>III- Abertura de propostas, direito de prefer\u00eancia e adjudica\u00e7\u00e3o:<\/strong><\/p>\n<p style=\"text-align: justify;\"><strong>&nbsp;<\/strong><strong>4.\u00ba &#8211;<\/strong> A abertura das propostas ser\u00e1 realizada em reuni\u00e3o de Direc\u00e7\u00e3o no dia <strong>4 de Novembro de 2011, a partir das 21:00 horas<\/strong>.<\/p>\n<p style=\"text-align: justify;\"><strong>5.\u00ba &#8211;<\/strong> A proposta que oferecer o pre\u00e7o mais elevado ser\u00e1 a vencedora e a adjudica\u00e7\u00e3o ser\u00e1 efectuada ve\u00edculo a ve\u00edculo.<\/p>\n<p style=\"text-align: justify;\"><strong>\u00a7 \u00danico &#8211; <\/strong>Sem preju\u00edzo do previsto no par\u00e1grafo 1.\u00ba do artigo 6.\u00ba deste Regulamento, se o pre\u00e7o mais elevado for oferecido por mais de um proponente, abrir-se-\u00e1 licita\u00e7\u00e3o entre eles, sendo a viatura entregue a quem atingir o pre\u00e7o mais alto.<\/p>\n<p style=\"text-align: justify;\"><strong>6.\u00ba &#8211;<\/strong> Desde que, nos termos deste regulamento, para si e no seu exclusivo interesse, tenham apresentado proposta de aquisi\u00e7\u00e3o v\u00e1lida, gozam sempre do direito de prefer\u00eancia os Bombeiros da RAHBVVizela.<\/p>\n<p style=\"text-align: justify;\"><strong>\u00a7 1.\u00ba &#8211;<\/strong> Abertas as propostas e caso os preferentes, logo que para tal sejam instados, manifestem a vontade de exercer o direito de prefer\u00eancia, abrir-se-\u00e1 licita\u00e7\u00e3o entre estes e o (s) proponente (s) que tiver (em) apresentado a (s) proposta (s) de valor mais elevado, sendo suficiente para a adjudica\u00e7\u00e3o do bem que o Bombeiro Volunt\u00e1rio iguale o maior valor oferecido por qualquer outro proponente.<\/p>\n<p style=\"text-align: justify;\"><strong>\u00a7 2.\u00ba &#8211;<\/strong> Se \u00e0 licita\u00e7\u00e3o apenas concorrerem Bombeiros Volunt\u00e1rios da Associa\u00e7\u00e3o, o bem ser\u00e1 entregue \u00e0quele que oferecer o valor mais elevado.<\/p>\n<p style=\"text-align: justify;\">&nbsp;<strong>IV- Impedimentos e disposi\u00e7\u00f5es finais:<\/strong><\/p>\n<p style=\"text-align: justify;\"><strong>&nbsp;<\/strong><strong>7.\u00ba &#8211;<\/strong> Os membros dos \u00d3rg\u00e3os Sociais da RAHBVVizela, por si ou por interposta pessoa, est\u00e3o impedidos de concorrer \u00e0 venda.<\/p>\n<p style=\"text-align: justify;\"><strong>8.\u00ba &#8211;<\/strong> A resolu\u00e7\u00e3o dos casos omissos neste regulamento ser\u00e1 da compet\u00eancia da Direc\u00e7\u00e3o da Associa\u00e7\u00e3o que, como crit\u00e9rio orientador, dever\u00e1 atender ao preceituado para a venda em processo executivo, prevista no C\u00f3digo de Processo Civil.<\/p>\n<p style=\"text-align: justify;\">&nbsp;Vizela, 11 de Outubro de 2011.<\/p>\n<p>&nbsp;&nbsp;<strong>A Direc\u00e7\u00e3o<\/strong><\/p>\n<p><strong>&nbsp;<\/strong><\/p>\n","protected":false},"excerpt":{"rendered":"<p>Regulamento Concurso de Venda P\u00fablica de Viaturas Usadas &nbsp;I- Identifica\u00e7\u00e3o das viaturas e pre\u00e7os m\u00ednimos para venda: &nbsp;Renault Master de 1999 com 193.847 km = 1 000,00 euros Ford Galaxy de 2000 com 465.237 km = 2 500,00 euros &nbsp;II-<\/p>\n","protected":false},"author":3,"featured_media":0,"parent":134,"menu_order":2,"comment_status":"closed","ping_status":"closed","template":"","meta":{"ngg_post_thumbnail":0,"footnotes":""},"class_list":["post-2198","page","type-page","status-publish","hentry"],"_links":{"self":[{"href":"https:\/\/www.bvvizela.pt\/site\/wp-json\/wp\/v2\/pages\/2198","targetHints":{"allow":["GET"]}}],"collection":[{"href":"https:\/\/www.bvvizela.pt\/site\/wp-json\/wp\/v2\/pages"}],"about":[{"href":"https:\/\/www.bvvizela.pt\/site\/wp-json\/wp\/v2\/types\/page"}],"author":[{"embeddable":true,"href":"https:\/\/www.bvvizela.pt\/site\/wp-json\/wp\/v2\/users\/3"}],"replies":[{"embeddable":true,"href":"https:\/\/www.bvvizela.pt\/site\/wp-json\/wp\/v2\/comments?post=2198"}],"version-history":[{"count":4,"href":"https:\/\/www.bvvizela.pt\/site\/wp-json\/wp\/v2\/pages\/2198\/revisions"}],"predecessor-version":[{"id":4622,"href":"https:\/\/www.bvvizela.pt\/site\/wp-json\/wp\/v2\/pages\/2198\/revisions\/4622"}],"up":[{"embeddable":true,"href":"https:\/\/www.bvvizela.pt\/site\/wp-json\/wp\/v2\/pages\/134"}],"wp:attachment":[{"href":"https:\/\/www.bvvizela.pt\/site\/wp-json\/wp\/v2\/media?parent=2198"}],"curies":[{"name":"wp","href":"https:\/\/api.w.org\/{rel}","templated":true}]}}