{"id":19,"date":"2010-04-23T12:05:12","date_gmt":"2010-04-23T11:05:12","guid":{"rendered":"http:\/\/www.bvvizela.pt\/site\/?page_id=19"},"modified":"2020-12-21T09:34:29","modified_gmt":"2020-12-21T09:34:29","slug":"historia-da-associacao","status":"publish","type":"page","link":"https:\/\/www.bvvizela.pt\/site\/historia-da-associacao\/","title":{"rendered":"Hist\u00f3ria da Associa\u00e7\u00e3o"},"content":{"rendered":"<p style=\"text-align: left;\">\u201cHavendo aqui um povoado t\u00e3o importante na esta\u00e7\u00e3o balnear e casas com 80 e 100 habitantes e mais cada uma, a c\u00e2mara de Guimar\u00e3es, com o fim de prevenir alguma grande desgra\u00e7a, mandou para aqui em Junho de 1865 uma pequena bomba sem pessoal algum, pelo que se adestraram no manejo d\u2019ella e muito generosamente se constitu\u00edram em bombeiros volunt\u00e1rios 4 benem\u00e9ritos mo\u00e7os, que prestaram relevantes servi\u00e7os aos seus conterr\u00e2neos.\u201d <a href=\"#_ftn1\" name=\"_ftnref1\">[1]<\/a><\/p>\n<p style=\"text-align: left;\"><a href=\"#_ftnref1\" name=\"_ftn1\"><\/a>Acima se descreve a semente que iria mais tarde dar origem \u00e0 cria\u00e7\u00e3o da corpora\u00e7\u00e3o dos Bombeiros Volunt\u00e1rios de Vizela.<br \/>\nVizela contava na altura com cerca de 1700 habitantes, n\u00famero esse que aumentava exponencialmente na \u00e9poca balnear com a vinda de aquistas \u00e0 procura das milagrosas \u00e1guas sulfurosas. Tal como nos indica Pinho Leal, os hoteis chegava a albergar cada um mais de 100 aquistas, para al\u00e9m das casas que disponibilizam quartos para alugar.<br \/>\nTornava-se assim imperioso dispor de meios de socorro a inc\u00eandios que pudessem evitar alguma desgra\u00e7a.<br \/>\nUm dos 4 volunt\u00e1rios que se disponibilizaram para usar a bomba vinda de Guimar\u00e3es foi Francisco Pereira da Costa, propriet\u00e1rio de uma tabacaria em Vizela e pai de Armindo Pereira da Costa que na altura contava com 11 anos. Um desses volunt\u00e1rios chega mesmo a falecer numa ocorr\u00eancia, conforme nos indica Pinho Leal. <a href=\"#_ftn1\" name=\"_ftnref1\">[2]<\/a><\/p>\n<p style=\"text-align: left;\">Encontramos na publica\u00e7\u00e3o O Bombeiro Portuguez uma men\u00e7\u00e3o aos briosos Bombeiros Vizelenses.<br \/>\n\u201c (\u2026) nem tempo temos de assignalar, como dev\u00edamos, a bella esta\u00e7\u00e3o da bomba da corpora\u00e7\u00e3o de Bombeiros Voluntarios Vizellense, onde vimos uma excellente machina e um carro de material que attestam quanto esta corpora\u00e7\u00e3o dos soldados ela paz, disseminada por toda a parte do mundo culto, \u00e9 capaz de dedica\u00e7\u00e3o pela humanidade.\u201d <a href=\"#_ftn1\" name=\"_ftnref1\">[3]<\/a><\/p>\n<figure id=\"attachment_6234\" aria-describedby=\"caption-attachment-6234\" style=\"width: 201px\" class=\"wp-caption alignright\"><a href=\"https:\/\/www.bvvizela.pt\/site\/wp-content\/uploads\/IVFJA6824-Large-scaled.jpg\"><img loading=\"lazy\" decoding=\"async\" class=\"size-medium wp-image-6234\" src=\"https:\/\/www.bvvizela.pt\/site\/wp-content\/uploads\/IVFJA6824-Large-201x300.jpg\" alt=\"\" width=\"201\" height=\"300\" srcset=\"https:\/\/www.bvvizela.pt\/site\/wp-content\/uploads\/IVFJA6824-Large-201x300.jpg 201w, https:\/\/www.bvvizela.pt\/site\/wp-content\/uploads\/IVFJA6824-Large-scaled.jpg 686w\" sizes=\"auto, (max-width: 201px) 100vw, 201px\" \/><\/a><figcaption id=\"caption-attachment-6234\" class=\"wp-caption-text\">Armindo Pereira da Costa<\/figcaption><\/figure>\n<p style=\"text-align: left;\"><a href=\"#_ftn1\" name=\"_ftnref1\"><\/a><\/p>\n<p style=\"text-align: left;\">Armindo Pereira da Costa, crian\u00e7a ainda, foi talvez sendo inspirado pelo exemplo do altru\u00edsmo e coragem do seu pai, pois foi ele que, aos 23 anos, fundou a corpora\u00e7\u00e3o dos Bombeiros Volunt\u00e1rios de Vizela.<\/p>\n<p style=\"text-align: left;\">A sua dedica\u00e7\u00e3o \u00e0 causa foi de tal forma elevada que tra\u00e7ar a hist\u00f3ria da Associa\u00e7\u00e3o Humanit\u00e1ria dos Bombeiros Volunt\u00e1rios de Vizela \u00e9 assim tra\u00e7ar tamb\u00e9m a biografia de Armindo Pereira da Costa.<\/p>\n<p style=\"text-align: left;\">Foi a novembro de 1876 que reuniu alguns amigos em sua casa, lhes falou do projeto, exp\u00f4s o seu racioc\u00ednio, apelou \u00e0 compreens\u00e3o de todos e pediu apoio para a sua concretiza\u00e7\u00e3o.<br \/>\nConstitui-se uma Comiss\u00e3o Promotora, da qual fazem parte Armindo Pereira da Costa, Ant\u00f3nio Pedro Barros Lima, Ant\u00f3nio Jos\u00e9 Dias Pereira, Ab\u00edlio Torres, Joaquim Ribeiro da Costa, Ant\u00f3nio de Azevedo Varela, Lu\u00eds Antunes Pereira, Joaquim de Freitas Ribeiro Faria, Joaquim Pinto de Sousa e Castro, Jo\u00e3o Ribeiro de Freitas Guimar\u00e3es e Clemente Marcelino de Oliveira, com a miss\u00e3o de desenvolver os esfor\u00e7os necess\u00e1rios para a forma\u00e7\u00e3o da associa\u00e7\u00e3o.<br \/>\n\u00c9 nomeada a primeira Dire\u00e7\u00e3o, chefiada por Ab\u00edlio Torres e como 1\u00ba e 2\u00ba comandante, respetivamente, s\u00e3o nomeados Armindo Pereira da Costa e Joaquim Ant\u00f3nio da Silva.<br \/>\nSensibiliza-se a comunidade e realizam-se diversas campanhas de recolha de donativos. A rainha D. Maria Pia envia as primeiras ofertas.<\/p>\n<p style=\"text-align: left;\">A verba angariada permite a compra, no Porto, de \u201cuma bomba grande de 2 agulhetas que custou 450$000 r\u00e9is;_2 mangueiras que custaram 102$000 r\u00e9is;_um carro de material (escadas, bicheiros, machados, etc.) que custou 150$000 r\u00e9is;_ fardamento que custou 600$000 r\u00e9is\u201d. <a href=\"#_ftn1\" name=\"_ftnref1\">[4]<\/a><\/p>\n<p style=\"text-align: left;\">Um inc\u00eandio ocorrido a vinte e tr\u00eas de abril de 1877 salienta a urg\u00eancia da cria\u00e7\u00e3o da corpora\u00e7\u00e3o.<br \/>\n\u201cNa noite de 23 pelas 11 horas apegou-se o fogo \u00e0 casa de Manoel Pedroza de Santa Suzana, sendo a causa estar esboracado o soalho da cosinha, e nos baixos estar tudo cheio de madeira secca e lenha. Diz-se que uma crian\u00e7a brincando com o lume, salt\u00e1ra f\u00f3ra do lar cahindo pelas fendas do soalho apegando-se \u00e0 lenha e madeira e depois ao sobrado. Ao brado de fogo e do toque do sino acudio muito povo e felizmente o exterminaram salvando o melhor da casa e toda a mob\u00edlia. E calculado o proejuizo de 200$00 reis. Este fogo despertou a iniciativa do inteligente mancebo Armindo Pereira da Costa a promover uma Companhia de Bombeiros Voluntarios. \u2026 Oxala n\u00e3o descure e que os seus votos sejam coroados de louros, chamando n\u00f3s aten\u00e7\u00e3o para a coadjuva\u00e7\u00e3o da ilma. Camara e companhias de seguros que recebem daqui grandes proveitos.\u201d<a href=\"#_ftn1\" name=\"_ftnref1\">[5]<\/a><\/p>\n<p style=\"text-align: left;\">Agora que possuem os equipamentos, torna-se necess\u00e1rio ter forma\u00e7\u00e3o no seu manuseamento e os vizinhos Bombeiros Volunt\u00e1rios de Guimar\u00e3es prontificam-se para colaborar.<\/p>\n<p style=\"text-align: left;\">\u201cChegou sabado (28) a bomba para os volunt\u00e1rios e no domingo de tarde vieram de surpresa o 2\u00ba commandante e alguns volunt\u00e1rios de Guimaraes juntamente com o inspector dos bombeiros municipaes, Carlos D\u2019Araujo Abreu, todos com o seu uniforme, prestando-se a trabalhar na bomba, escadas e salva vidas, numa casa de dous andares situada no largo d\u2019Alameda, dando assim uma bella licao aos volunt\u00e1rios de Vizella. \u2026 findo o exerc\u00edcio foi-lhes servido um lunch .. durante o qual se trocaram brindes entre os bombeiros volunt\u00e1rios de Vizella e Guimaraes, confraternizando-se mutuamente.\u201d <a href=\"#_ftn1\" name=\"_ftnref1\">[6]<\/a><\/p>\n<p><a href=\"https:\/\/www.bvvizela.pt\/site\/wp-content\/uploads\/IVFJA6822-Large-scaled.jpg\"><img loading=\"lazy\" decoding=\"async\" class=\"wp-image-6236 alignright\" src=\"https:\/\/www.bvvizela.pt\/site\/wp-content\/uploads\/IVFJA6822-Large-300x220.jpg\" alt=\"\" width=\"357\" height=\"262\" srcset=\"https:\/\/www.bvvizela.pt\/site\/wp-content\/uploads\/IVFJA6822-Large-300x220.jpg 300w, https:\/\/www.bvvizela.pt\/site\/wp-content\/uploads\/IVFJA6822-Large-scaled.jpg 1024w, https:\/\/www.bvvizela.pt\/site\/wp-content\/uploads\/IVFJA6822-Large-768x563.jpg 768w\" sizes=\"auto, (max-width: 357px) 100vw, 357px\" \/><\/a><\/p>\n<p style=\"text-align: left;\"><a href=\"#_ftn1\" name=\"_ftnref1\"><\/a>\u00a0A 8 de maio de 1877 \u00e9 fundada a Associa\u00e7\u00e3o Humanit\u00e1ria dos Bombeiros Volunt\u00e1rios de Vizela e inaugurado o seu quartel. A corpora\u00e7\u00e3o, composta por 30 homens devidamente uniformizados e equipados e liderados por Armindo Pereira da Costa, 1\u00ba comandante e Joaquim Ant\u00f3nio da Silva, 2\u00ba comandante, apresenta-se \u00e0 popula\u00e7\u00e3o num desfile pelas ruas de Vizela. Conta com 12 s\u00f3cios.<br \/>\nA nova corpora\u00e7\u00e3o podia agora garantir a seguran\u00e7a contra inc\u00eandios \u201cn\u00e3o s\u00f3 aos 500 fogos e 2000 habitantes, tantos contava a Vila de Vizela nessa data, mas tamb\u00e9m \u00e0s popula\u00e7\u00f5es e fogos de mais 14 Freguesias vizinhas, j\u00e1 nessa altura a cargo da nossa Corpora\u00e7\u00e3o\u201d .<a href=\"#_ftn1\" name=\"_ftnref1\">[7]<\/a><\/p>\n<p style=\"text-align: left;\">Seguem-se dias e semanas de treino com vista a melhorar cada vez mais as compet\u00eancias dos novos bombeiros.<br \/>\n\u201cOs bombeiros volunt\u00e1rios tem feito exerc\u00edcio no domingo e quinta-feira, nas casas mais altas da Alameda, e v\u00e3o muito bem; com poucas mais li\u00e7oes ficam prontos a poderem trabalhar publicamente na presen\u00e7a dos bombeiros amestrados. O seu primeiro comandante \u00e9 incan\u00e7\u00e1vel e todos os bombeiros tem vontade e per\u00edcia \u2026\u201d<a href=\"#_ftn1\" name=\"_ftnref1\">[8]<\/a><\/p>\n<p style=\"text-align: left;\">A 25 de agosto de 1877 surge o primeiro servi\u00e7o dos Bombeiros Volunt\u00e1rios de Vizela, num pr\u00e9dio da Rua Joaquim Pinto, e a presta\u00e7\u00e3o do 1\u00ba comandante e de todos os bombeiros \u00e9 objeto de valoriza\u00e7\u00e3o.<\/p>\n<p style=\"text-align: left;\">\u201cHoje de manha seriam 10 horas e pela occasiao da missa conventeal, tocaram os sinos de S. Jo\u00e3o a fogo, que se ateou n\u2019uma casa terrea e de madeira logo adiante do a\u00e7ougue, e pertencente ao sr. Joaquim Pinto, pr\u00f3ximo \u00e1 mesma egreja. \u00c9 um pr\u00e9dio que comporta 4 a 5 moradores ; o inquilino do meio deixou o lume ac\u00easo, fechou a porta e foi a missa. Foi a digna professora regia que deu f\u00e9, chamando socorro, e salvou umas duas crian\u00e7as da vizinhan\u00e7a. De prompto acudiu a bomba dos volunt\u00e1rios que pouco funcionou extinguindo-o logo, pois foram tao acertados os trabalhos da bomba que foi apagado de prompto, nada sofrendo as moradas da direita e da esquerda, e apenas da casa aonde foi pegado o fogo se perderam os pucos trastes que o inquilino possu\u00eda. Em volta da casa alem de ser toda de estuque e madeira, tinha pr\u00f3ximo uma por\u00e7\u00e3o de matto e taboado o que se n\u00e3o fosse o prompto socorro da bomba seria um grande incendio, que Vizella pela primeira vez presenciaria.<br \/>\n\u00c9 dito por todos que tudo se deve aos prontos socorros da bomba; bem-haja o seu iniciador e primeiro commandante. Desde o primeiro comandante at\u00e9 ao \u00faltimo voluntario todos trabalharam com tanta vontade e inergia, que ao fim do fogo estavam banhados em suor. Foi o primeiro fogo com que foi estreiada a bomba e em trabalharem os volunt\u00e1rios, que mostraram estar j\u00e1 bem amestrados.<br \/>\nOxal\u00e1 n\u00e3o desanimem! O sr. Boaventura prestou alguns servi\u00e7os, oferecendo cantaros ao povo para irem \u00e0 agua e no fim deu agua ardente aos que estavam molhados pelo suor e pela agua. D\u2019aqui damos os nossos parab\u00e9ns ao commandante e a Companhia dos Bombeiros.\u201d<a href=\"#_ftn1\" name=\"_ftnref1\">[9]<\/a><\/p>\n<p style=\"text-align: left;\">Outros inc\u00eandios surgem e a todos os bombeiros acorrem com profissionalismo e zelo. Os elogios s\u00e3o mais que muitos.<\/p>\n<p style=\"text-align: left;\">\u201c (\u2026) O dono da moagem no dia seguinte escreveu uma carta a Armindo Pereira da Costa agradecendo-lhe muito o prompto e bom servi\u00e7o prestado \u00e0 sua propriedade e lhe pedia que assim fizesse saber a todos os bombeiros o seu reconhecimento. \u00c0 vista, pois, d\u2019isto, quem deixar\u00e1 de concorrer para o seu engrandecimento?\u201d<a href=\"#_ftn1\" name=\"_ftnref1\">[10]<\/a><\/p>\n<p style=\"text-align: left;\">Torna-se necess\u00e1rio atualizar os equipamentos e, nesse sentido, \u00e9 adquirida uma nova bomba manual em 1878 e em 1880 \u00e9 importada da Alemanha a bomba Carlos Metz, generosamente oferecida por J. P. Caldas.<\/p>\n<p style=\"text-align: left;\">Nos anos que se seguiram, a fibra moral, a capacidade de trabalho, a honestidade e intelig\u00eancia do fundador e Primeiro Comandante Armindo Pereira da Costa serviram de exemplo a todos os bombeiros vizelenses.<br \/>\n\u201cUm dia o Presidente Jo\u00e3o Franco, que muito o admirava e estimava, ofereceu-lhe uma Comenda. Armindo Pereira da Costa, com o aprumo moral e intelectual que lhe era peculiar, redargiu-lhe serenamente: Nunca a usaria snr. Presidente, porque a n\u00e3o mere\u00e7o. A melhor comenda que posso ter \u00e9 a certeza que cumpri o meu dever, como homem e como Vizelense. Em lugar da venera que ali\u00e1s muito agrade\u00e7o, d\u00ea-me V\u00aa Ex\u00aa uma esmola para a minha pobre Corpora\u00e7\u00e3o. Isso sim, aceito e agrade\u00e7o do fundo da minha alma\u201d.<a href=\"#_ftn1\" name=\"_ftnref1\">[11]<\/a><\/p>\n<p style=\"text-align: left;\">Grande parte da sua fortuna pessoal foi gasta nos bombeiros, pelo que, em 1899 v\u00ea-se for\u00e7ado a emigrar para o Brasil, Par\u00e1, \u201ccom os seus bens muito comprometidos dando n\u00e3o s\u00f3 tudo o que possu\u00eda para sustentar a Corpora\u00e7\u00e3o como as vi\u00favas e \u00f3rf\u00e3os dos seus camaradas vizelenses\u201d. <a href=\"#_ftn1\" name=\"_ftnref1\">[12] <\/a>Mesmo no Brasil, onde criou com sucesso uma empresa de exporta\u00e7\u00e3o, enviava mensalmente uma contribui\u00e7\u00e3o financeira para a Associa\u00e7\u00e3o.<\/p>\n<p style=\"text-align: left;\">\u201cOs seus camaradas vizelenses com uma gratid\u00e3o digna de registo n\u00e3o se esquecem tamb\u00e9m e decidiram em assembleia n\u00e3o aceitarem outro 1\u00ba Comandante na esperan\u00e7a do seu regresso. Fica pois como Comandante interino o mais tarde 1\u00ba Comandante Ant\u00f3nio Feliciano de Ara\u00fajo da Silva Caldas.\u201d <a href=\"#_ftn1\" name=\"_ftnref1\">[13]<\/a><\/p>\n<p style=\"text-align: left;\">Tra\u00e7amos desta forma a hist\u00f3ria do in\u00edcio. Desde ent\u00e3o, Homens e Mulheres de bem, dedicados, altru\u00edstas, valentes, com farda e sem farda, contribu\u00edram para o crescimento e fortalecimento da Associa\u00e7\u00e3o.<br \/>\nA todos o nosso muito obrigado!<\/p>\n<p style=\"text-align: left;\">\n<a href=\"#_ftnref1\" name=\"_ftn1\">[1]<\/a> Augusto Soares d&#8217;Azevedo Barbosa de Pinho Leal, and Pedro A. Ferreira. &#8220;12\u00ba volume.&#8221; In Portugal antigo e moderno: diccionario geographico, estatistico, chorographico, heraldico, archeologico, historico, biographico e etymologico de todas as cidades, villas e freguezias de Portugal e de grande numero de aldeias .., p. 1932. Lisboa: Livraria Editora de Tavares Cardoso &amp; Irm\u00e3o, 1890.<\/p>\n<p style=\"text-align: left;\"><a href=\"#_ftnref1\" name=\"_ftn1\">[2]<\/a> idem<\/p>\n<p style=\"text-align: left;\"><a href=\"#_ftnref1\" name=\"_ftn1\">[3]<\/a> Bombeiro Portuguez, 1884<\/p>\n<p style=\"text-align: left;\"><a href=\"#_ftnref1\" name=\"_ftn1\">[4<\/a> ibidem<\/p>\n<p style=\"text-align: left;\"><a href=\"#_ftnref1\" name=\"_ftn1\">[5]<\/a> Imparcial, Abril 1877<\/p>\n<p style=\"text-align: left;\"><a href=\"#_ftnref1\" name=\"_ftn1\">[6]<\/a> Imparcial, Maio 1877<\/p>\n<p style=\"text-align: left;\"><a href=\"#_ftnref1\" name=\"_ftn1\">[7]<\/a> Not\u00edcias de Vizela, Abril 1973<\/p>\n<p style=\"text-align: left;\"><a href=\"#_ftnref1\" name=\"_ftn1\">[8]<\/a> Imparcial, Maio 1877<\/p>\n<p style=\"text-align: left;\"><a href=\"#_ftnref1\" name=\"_ftn1\">[9]<\/a> Imparcial, agosto 1877<\/p>\n<p style=\"text-align: left;\"><a href=\"#_ftnref1\" name=\"_ftn1\">10]<\/a> Imparcial, junho 1978<\/p>\n<p style=\"text-align: left;\"><a href=\"#_ftnref1\" name=\"_ftn1\">[11]<\/a> Not\u00edcias de Vizela, 1973<\/p>\n<p style=\"text-align: left;\"><a href=\"#_ftnref1\" name=\"_ftn1\">[12]<\/a> Sonho que se faz realidade: Inaugura\u00e7\u00e3o do novo quartel, J\u00falio Damas, 1988<\/p>\n<p style=\"text-align: left;\"><a href=\"#_ftnref1\" name=\"_ftn1\">[13]<\/a> idem<\/p>\n","protected":false},"excerpt":{"rendered":"<p>\u201cHavendo aqui um povoado t\u00e3o importante na esta\u00e7\u00e3o balnear e casas com 80 e 100 habitantes e mais cada uma, a c\u00e2mara de Guimar\u00e3es, com o fim de prevenir alguma grande desgra\u00e7a, mandou para aqui em Junho de 1865 uma<\/p>\n","protected":false},"author":6,"featured_media":0,"parent":0,"menu_order":1,"comment_status":"closed","ping_status":"closed","template":"","meta":{"ngg_post_thumbnail":0,"footnotes":""},"class_list":["post-19","page","type-page","status-publish","hentry"],"_links":{"self":[{"href":"https:\/\/www.bvvizela.pt\/site\/wp-json\/wp\/v2\/pages\/19","targetHints":{"allow":["GET"]}}],"collection":[{"href":"https:\/\/www.bvvizela.pt\/site\/wp-json\/wp\/v2\/pages"}],"about":[{"href":"https:\/\/www.bvvizela.pt\/site\/wp-json\/wp\/v2\/types\/page"}],"author":[{"embeddable":true,"href":"https:\/\/www.bvvizela.pt\/site\/wp-json\/wp\/v2\/users\/6"}],"replies":[{"embeddable":true,"href":"https:\/\/www.bvvizela.pt\/site\/wp-json\/wp\/v2\/comments?post=19"}],"version-history":[{"count":18,"href":"https:\/\/www.bvvizela.pt\/site\/wp-json\/wp\/v2\/pages\/19\/revisions"}],"predecessor-version":[{"id":6259,"href":"https:\/\/www.bvvizela.pt\/site\/wp-json\/wp\/v2\/pages\/19\/revisions\/6259"}],"wp:attachment":[{"href":"https:\/\/www.bvvizela.pt\/site\/wp-json\/wp\/v2\/media?parent=19"}],"curies":[{"name":"wp","href":"https:\/\/api.w.org\/{rel}","templated":true}]}}